{"id":22541,"date":"2019-05-09T08:13:07","date_gmt":"2019-05-09T08:13:07","guid":{"rendered":"http:\/\/turkishrussianfestival.com\/?page_id=22541"},"modified":"2019-05-09T08:17:42","modified_gmt":"2019-05-09T08:17:42","slug":"basin-2","status":"publish","type":"page","link":"http:\/\/turkishrussianfestival.com\/?page_id=22541","title":{"rendered":"8 MAYIS 2019"},"content":{"rendered":"<p>[vc_row row_type=&#8221;row&#8221; use_row_as_full_screen_section=&#8221;no&#8221; type=&#8221;full_width&#8221; text_align=&#8221;left&#8221; background_animation=&#8221;none&#8221; css_animation=&#8221;&#8221;][vc_column width=&#8221;1\/4&#8243;][\/vc_column][vc_column width=&#8221;1\/2&#8243;][vc_gallery interval=&#8221;3&#8243; images=&#8221;22542,22545,22548,22551,22554&#8243; img_size=&#8221;medium&#8221; onclick=&#8221;img_link_large&#8221; custom_links_target=&#8221;_blank&#8221;][\/vc_column][vc_column width=&#8221;1\/4&#8243;][\/vc_column][\/vc_row][vc_row row_type=&#8221;row&#8221; use_row_as_full_screen_section=&#8221;no&#8221; type=&#8221;full_width&#8221; text_align=&#8221;left&#8221; background_animation=&#8221;none&#8221; css_animation=&#8221;&#8221;][vc_column][vc_column_text]<span style=\"color: #000000;\"><strong>T\u00fcrk Rus Klasik M\u00fczik Festivali, Antalya Side Antik Tiyatrosu\u2019nda Ba\u015flad\u0131<\/strong><\/span><\/p>\n<p>&nbsp;<\/p>\n<p><span style=\"color: #000000;\">T\u00fcrkiye\u2019nin turizm ba\u015fkenti olarak g\u00f6sterilen ve Rus turistler taraf\u0131ndan da yo\u011fun ilgi g\u00f6ren Antalya, yeni bir klasik m\u00fczik festivaline kavu\u015ftu. Hava muhalefeti nedeniyle 7 May\u0131s yerine 8 May\u0131s\u2019a al\u0131nan T\u00fcrk Rus Klasik M\u00fczik Festivali, a\u00e7\u0131l\u0131\u015f konserinde sanatseverlerin yo\u011fun ilgisi ile ba\u015flad\u0131.<\/span><\/p>\n<p>&nbsp;<\/p>\n<p><span style=\"color: #000000;\">Side Antik Tiyatrosu\u2019nda ger\u00e7ekle\u015fen Festival, iki \u00fclke taraf\u0131ndan \u201cT\u00fcrk \u2013 Rus K\u00fclt\u00fcr ve Turizm Y\u0131l\u0131\u201d ilan edilen 2019\u2019un, iki \u00fclkenin dostlu\u011funu daha da peki\u015ftirmesi ve k\u00f6kleri \u00e7ok eskilere dayanan bu dostlu\u011fu m\u00fczikle sergilemek amac\u0131yla\u00a0k\u00fclt\u00fcr,\u00a0sanat, \u00a0tarih, do\u011fa, spor gibi bir\u00e7ok konuda toplum \u00a0yarar\u0131na sosyal sorumluluk projelerini hayata ge\u00e7iren \u00f6nemli turizm gruplar\u0131ndan Barut Hotels taraf\u0131ndan d\u00fczenleniyor. Ev sahibi Barut Hotels Y\u00f6netim Kurulu Ba\u015fkan\u0131 Haydar Barut da yapt\u0131\u011f\u0131 a\u00e7\u0131klamada; \u201c\u0130\u00e7inde bulundu\u011fumuz y\u0131l\u0131n T\u00fcrk-Rus K\u00fclt\u00fcr ve Turizm Y\u0131l\u0131 ilan edilmesi dolay\u0131s\u0131yla, biz de T\u00fcrk-Rus Klasik M\u00fczik Festivali ile bu dostlu\u011fa anlaml\u0131 bir katk\u0131 sa\u011flamak istedik. B\u00f6ylesi b\u00fcy\u00fck bir festival ve g\u00f6rkemli a\u00e7\u0131l\u0131\u015f konseri i\u00e7in Maestro Spivakov, Anna Aglatova ve gururumuz Faz\u0131l Say\u2019a te\u015fekk\u00fcr ederiz\u201d dedi.<\/span><\/p>\n<p>&nbsp;<\/p>\n<p><span style=\"color: #000000;\">Festivalin Genel Sanat Y\u00f6netmeni ve g\u00fcn\u00fcm\u00fcz\u00fcn en b\u00fcy\u00fck keman sanat\u00e7\u0131lar\u0131 aras\u0131nda yer alan \u015eef Vladimir Spivakov ile Moskova Virt\u00fc\u00f6zleri Oda Orkestras\u0131, 3000 y\u0131ll\u0131k Side Antik Tiyatrosu\u2019nun etkileyici atmosferinde, \u201c\u0130ki Dost \u00dclkenin Bestecileri\u201d ile ilk konserine ba\u015flad\u0131. T\u00fcrk Besteci Nevit Kodall\u0131\u2019n\u0131n 10. \u00f6l\u00fcm y\u0131l d\u00f6n\u00fcm\u00fc an\u0131s\u0131na, 1969 y\u0131l\u0131nda besteledi\u011fi \u2018Telli Turna S\u00fciti\u2019 seslendirilirdi ve \u015eostakovi\u00e7\u2019in 1924-1925\u2019te yazd\u0131\u011f\u0131 \u201cPrel\u00fcd ve Scherzo\u201d adl\u0131 eserine yer verildi. Ard\u0131ndan Soprano Anna Aglatova, opera literat\u00fcr\u00fcn\u00fcn en g\u00f6zde aryalar\u0131n\u0131 seslendirdi. Avrupa\u2019da \u201cCecilia Bartoli\u2019nin k\u0131z karde\u015fi\u201d olarak an\u0131lan gen\u00e7 sanat\u00e7\u0131n\u0131n solistlik becerisi b\u00fcy\u00fck alk\u0131\u015fla \u00f6d\u00fcllendirildi. Konserin sonunda d\u00fcnyaca \u00fcnl\u00fc T\u00fcrk piyanist ve besteci Faz\u0131l Say, Mozart\u2019\u0131n \u201812.Piyano Kon\u00e7ertosu\u2019nda solist olarak sahneye \u00e7\u0131kt\u0131. Antik tiyatroyu dolduran yerli yabanc\u0131 sanatseverlerin dikkatle ve hayranl\u0131kla izledi\u011fi Say, yo\u011fun ilgi ve alk\u0131\u015fa cevaben sahneye geldi ve Kara Toprak eserini, s\u00fcrpriz bir kolajla \u201c\u0130zmir\u2019in Da\u011flar\u0131nda ezgisine ba\u011flayarak yeniden Veysel ile bitirdi. Tiyatroyu dolduran sanatseverler, bu e\u015fsiz do\u011fa\u00e7lamay\u0131 dakikalarca ayakta alk\u0131\u015flad\u0131.<\/span><\/p>\n<p>&nbsp;<\/p>\n<p><span style=\"color: #000000;\">Vladimir Spivakov ise; Festivalin daimi orkestras\u0131 olan ve bu y\u0131l 40.y\u0131l\u0131n\u0131 kutlayan Moskova Virt\u00fc\u00f6zleri Oda Orkestras\u0131 ile verdi\u011fi konsere dair \u201cSon y\u0131llarda ger\u00e7ekle\u015ftirdikleri en heyecan verici konsere imza att\u0131klar\u0131n\u0131\u201d belirterek \u015funlar\u0131 s\u00f6yledi: \u201cBu festivalde ad\u0131n\u0131 anmam\u0131z gereken ilk ki\u015fi Mustafa Kemal Atat\u00fcrk\u2019t\u00fcr. \u015eostakovi\u00e7, Oystrakh ve d\u00f6nemin en \u00fcnl\u00fc Rus opera-bale sanat\u00e7\u0131lar\u0131n\u0131 T\u00fcrkiye\u2019de g\u00fcnlerce a\u011f\u0131rlam\u0131\u015f, konserler verdirmi\u015f ve dinlemi\u015f. Bu festival, O\u2019nunla ba\u015flad\u0131. Biz de Antalya\u2019da bir\u00e7ok konser verdik. Ancak \u2018T\u00fcrk-Rus klasik m\u00fczik dostlu\u011fu\u2019 olan bir festivalde\u00a0 konser vermek, farkl\u0131 bir heyecan ve gurur kayna\u011f\u0131! Faz\u0131l Say gibi b\u00fcy\u00fck bir sanat\u00e7\u0131yla da her konserimiz unutulmaz. Sanki O\u2019nunla, s\u00fcrekli birlikte konser veriyor gibi uyum sa\u011flad\u0131k. Anna\u2019n\u0131n da T\u00fcrk dinleyicisi \u00f6n\u00fcnde ba\u015far\u0131s\u0131, bizim i\u00e7in ayr\u0131 mutluluk kayna\u011f\u0131 oldu. Moskova Virt\u00fc\u00f6zleri i\u00e7in, 40.y\u0131l\u0131nda unutulmaz bir konserdi.\u201d<\/span><\/p>\n<p>&nbsp;<\/p>\n<p><span style=\"color: #000000;\">T\u00fcrk-Rus Klasik M\u00fczik Festivali\u2019nin ikinci konseri, <strong>9 May\u0131<\/strong><strong>s Per<\/strong><strong>\u015fembe<\/strong> <strong>g\u00fcn\u00fc saat 21:15\u2019te<\/strong> ger\u00e7ekle\u015fecek. Konserde Moskova Virt\u00fc\u00f6zleri Oda Orkestras\u0131, bu kez Spivakov\u2019u \u015fef ve solist olarak Vivaldi \u2018Keman Kon\u00e7ertosu\u2019 e\u015fli\u011finde a\u011f\u0131rlayacak. Sonras\u0131nda da Spivakov idaresinde, Rusya\u2019n\u0131n en ba\u015far\u0131l\u0131 fl\u00fct sanat\u00e7\u0131lar\u0131ndan olan Sergey Zhuravel\u2019e Vivaldi\u2019nin \u2018Fl\u00fct Kon\u00e7ertosu\u2019nda e\u015flik edecek. Topluluk konserini, Spivakov idaresinde seslendirece\u011fi, Boccherini ve \u00c7aykovski eserleriyle tamamlayacak.<\/span><\/p>\n<p>&nbsp;<\/p>\n<p><span style=\"color: #000000;\"><strong>11 May<\/strong><strong>\u0131s Cumartesi saat 21:15\u2019te<\/strong> d\u00fczenlenecek \u201cPiazzolla-Gala\u201d isimli kapan\u0131\u015f konserinde ise Maestro Spivakov ve Moskova Virt\u00fc\u00f6zleri Oda Orkestras\u0131, en yetenekli gen\u00e7 ku\u015fak Rus sanat\u00e7\u0131lar aras\u0131nda g\u00f6sterilen akordeon sanat\u00e7\u0131s\u0131 Nikita Vlasov ile orkestran\u0131n kendi \u00fcyeleri olan Moskova Virt\u00fc\u00f6zleri Oda Orkestras\u0131 solistlerine e\u015flik edecek. Y\u00fczy\u0131l\u0131m\u0131z\u0131n romantik eserleri i\u00e7inde daima \u00f6zel bir yeri olan Astor Piazzolla\u2019n\u0131n e\u015fsiz eserlerinden olu\u015facak olan kapan\u0131\u015f konseri ile festival son bulacak.<\/span><\/p>\n<p>&nbsp;<\/p>\n<p><span style=\"color: #000000;\"><strong>Biletler, Biletix\u2019te sat\u0131\u015fta<\/strong><\/span><\/p>\n<p><span style=\"color: #000000;\"><strong>T\u00fcrk Rus Klasik M\u00fczik Festivali\u2019<\/strong>nin biletleri yurt i\u00e7inde ve yurt d\u0131\u015f\u0131nda Biletix\u2019te sat\u0131\u015fta. Konser biletleri, Biletix gi\u015felerinden ya da <a style=\"color: #000000;\" href=\"http:\/\/www.biletix.com\/\">www.biletix.com<\/a> adresinden al\u0131nabilir.<\/span>[\/vc_column_text][\/vc_column][\/vc_row][vc_row row_type=&#8221;row&#8221; use_row_as_full_screen_section=&#8221;no&#8221; type=&#8221;full_width&#8221; text_align=&#8221;left&#8221; background_animation=&#8221;none&#8221; css_animation=&#8221;&#8221;][vc_column][vc_empty_space][\/vc_column][\/vc_row][vc_row row_type=&#8221;row&#8221; use_row_as_full_screen_section=&#8221;no&#8221; type=&#8221;full_width&#8221; text_align=&#8221;left&#8221; background_animation=&#8221;none&#8221; css_animation=&#8221;&#8221;][vc_column][\/vc_column][\/vc_row][vc_row row_type=&#8221;row&#8221; use_row_as_full_screen_section=&#8221;no&#8221; type=&#8221;full_width&#8221; text_align=&#8221;left&#8221; background_animation=&#8221;none&#8221; css_animation=&#8221;&#8221;][vc_column][vc_empty_space][vc_empty_space][\/vc_column][\/vc_row]<\/p>\n","protected":false},"excerpt":{"rendered":"<p>[vc_row row_type=&#8221;row&#8221; use_row_as_full_screen_section=&#8221;no&#8221; type=&#8221;full_width&#8221; text_align=&#8221;left&#8221; background_animation=&#8221;none&#8221; css_animation=&#8221;&#8221;][vc_column width=&#8221;1\/4&#8243;][\/vc_column][vc_column width=&#8221;1\/2&#8243;][vc_gallery interval=&#8221;3&#8243; images=&#8221;22542,22545,22548,22551,22554&#8243; img_size=&#8221;medium&#8221; onclick=&#8221;img_link_large&#8221; custom_links_target=&#8221;_blank&#8221;][\/vc_column][vc_column width=&#8221;1\/4&#8243;][\/vc_column][\/vc_row][vc_row row_type=&#8221;row&#8221; use_row_as_full_screen_section=&#8221;no&#8221; type=&#8221;full_width&#8221; text_align=&#8221;left&#8221; background_animation=&#8221;none&#8221; css_animation=&#8221;&#8221;][vc_column][vc_column_text]T\u00fcrk Rus Klasik M\u00fczik Festivali, Antalya Side Antik Tiyatrosu\u2019nda Ba\u015flad\u0131 &nbsp; T\u00fcrkiye\u2019nin turizm ba\u015fkenti olarak g\u00f6sterilen ve Rus turistler taraf\u0131ndan da yo\u011fun ilgi g\u00f6ren Antalya,&#8230;<\/p>\n","protected":false},"author":1,"featured_media":0,"parent":0,"menu_order":0,"comment_status":"closed","ping_status":"closed","template":"","meta":[],"_links":{"self":[{"href":"http:\/\/turkishrussianfestival.com\/index.php?rest_route=\/wp\/v2\/pages\/22541"}],"collection":[{"href":"http:\/\/turkishrussianfestival.com\/index.php?rest_route=\/wp\/v2\/pages"}],"about":[{"href":"http:\/\/turkishrussianfestival.com\/index.php?rest_route=\/wp\/v2\/types\/page"}],"author":[{"embeddable":true,"href":"http:\/\/turkishrussianfestival.com\/index.php?rest_route=\/wp\/v2\/users\/1"}],"replies":[{"embeddable":true,"href":"http:\/\/turkishrussianfestival.com\/index.php?rest_route=%2Fwp%2Fv2%2Fcomments&post=22541"}],"version-history":[{"count":6,"href":"http:\/\/turkishrussianfestival.com\/index.php?rest_route=\/wp\/v2\/pages\/22541\/revisions"}],"predecessor-version":[{"id":22563,"href":"http:\/\/turkishrussianfestival.com\/index.php?rest_route=\/wp\/v2\/pages\/22541\/revisions\/22563"}],"wp:attachment":[{"href":"http:\/\/turkishrussianfestival.com\/index.php?rest_route=%2Fwp%2Fv2%2Fmedia&parent=22541"}],"curies":[{"name":"wp","href":"https:\/\/api.w.org\/{rel}","templated":true}]}}