{"id":21856,"date":"2019-02-19T15:56:24","date_gmt":"2019-02-19T15:56:24","guid":{"rendered":"http:\/\/nightsofnorthcyprus.com\/TURKRUS\/?page_id=21856"},"modified":"2019-03-01T07:11:29","modified_gmt":"2019-03-01T07:11:29","slug":"11-mayis-2019-si%cc%87de-anti%cc%87k-ti%cc%87yatro","status":"publish","type":"page","link":"http:\/\/turkishrussianfestival.com\/?page_id=21856","title":{"rendered":"11 MAYIS 2019"},"content":{"rendered":"<p>[vc_row row_type=&#8221;row&#8221; use_row_as_full_screen_section=&#8221;no&#8221; type=&#8221;full_width&#8221; text_align=&#8221;left&#8221; background_animation=&#8221;none&#8221; css_animation=&#8221;&#8221;][vc_column][vc_single_image image=&#8221;22263&#8243; img_size=&#8221;full&#8221; qode_css_animation=&#8221;&#8221;][\/vc_column][\/vc_row][vc_row row_type=&#8221;row&#8221; use_row_as_full_screen_section=&#8221;no&#8221; type=&#8221;full_width&#8221; text_align=&#8221;left&#8221; background_animation=&#8221;none&#8221; css_animation=&#8221;&#8221;][vc_column][vc_empty_space][vc_column_text]<\/p>\n<div class=\"layoutArea\">\n<div class=\"column\">\n<p>Nikita Vlasov, akordeon<br \/>\nVladimir Spivakov, \u015fef<br \/>\nMoskova Virt\u00fc\u00f6zleri Oda Orkestras\u0131<\/p>\n<p>&nbsp;<\/p>\n<p><strong>11 MAYIS 2019 \/ 21:15<\/strong><br \/>\n<strong>SI\u0307DE ANTI\u0307K TI\u0307YATROSU \/ ANTALYA<\/strong><\/p>\n<\/div>\n<p>&nbsp;<\/p>\n<p><strong>\u201cPiazzolla-Gala\u201d<\/strong><\/p>\n<p><strong>11 May\u0131s Cumartesi saat 21:15\u2019de<\/strong> d\u00fczenlenecek \u201cPiazzolla-Gala\u201d isimli kapan\u0131\u015f konserinde Maestro Spivakov ve Moskova Virt\u00fc\u00f6zleri Oda Orkestras\u0131, en yetenekli gen\u00e7 ku\u015fak Rus sanat\u00e7\u0131lar aras\u0131nda g\u00f6sterilen akordeon sanat\u00e7\u0131s\u0131 Nikita Vlasov ile orkestran\u0131n kendi \u00fcyeleri olan Moskova Virt\u00fc\u00f6zleri Oda Orkestras\u0131 solistlerine e\u015flik edecek. Y\u00fczy\u0131l\u0131m\u0131z\u0131n romantik eserleri i\u00e7inde daima \u00f6zel bir yeri olan Astor Piazzolla\u2019n\u0131n e\u015fsiz eserlerinden olu\u015facak olan kapan\u0131\u015f konseri ile festival son bulacak.<\/p>\n<div class=\"column\">\n<p>&nbsp;<\/p>\n<\/div>\n<\/div>\n<div class=\"page\" title=\"Page 1\">\n<div class=\"section\">\n<div class=\"layoutArea\">\n<div class=\"column\">\n<p><strong>A.Piazzolla<\/strong> Melodia en La menor (La Min\u00f6r Melodi)<\/p>\n<p>&nbsp;<\/p>\n<p><strong>A.Piazzolla<\/strong> &#8220;Buenos Aires\u2019te D\u00f6rt Mevsim\u201d (keman ve orkestra i\u00e7in)<br \/>\n<strong>Solistler:<\/strong> Denis Shulgin<br \/>\nGeorgy Tsay<br \/>\nLev Iomdin<br \/>\nEvgeny Stembolskiy<\/p>\n<p>&nbsp;<\/p>\n<p><strong>A.Piazzolla<\/strong> \u201cLa Historia del Tango\u201d (Keman ve Orkestra \u0130\u00e7in S\u00fcit: Tangonun Tarihi)<br \/>\n(d\u00fcz.Alexey Strelnikov)<br \/>\n<strong>Solistler:<\/strong> Vitaly Khandras<br \/>\nAlexey Lundin<br \/>\nEvgeny Shulkov<br \/>\nAlexey Strelnikov<\/p>\n<p>&nbsp;<\/p>\n<p><strong>A.Piazzolla<\/strong> \u201cOblivion\u201d, \u201cMilonga\u201d, \u201cAngel\u201d<br \/>\n<strong>Solist:<\/strong> Nikita Vlasov (akordeon)<\/p>\n<p>&nbsp;<\/p>\n<p><strong>Vladimir Spivakov<\/strong>, \u015fef<br \/>\n<strong>Moskova Virt\u00fc\u00f6zleri Oda Orkestras\u0131<\/strong><\/p>\n<\/div>\n<\/div>\n<\/div>\n<\/div>\n<p>[\/vc_column_text][vc_empty_space][\/vc_column][\/vc_row][vc_row row_type=&#8221;row&#8221; use_row_as_full_screen_section=&#8221;no&#8221; type=&#8221;full_width&#8221; text_align=&#8221;left&#8221; background_animation=&#8221;none&#8221; css_animation=&#8221;&#8221;][vc_column]<a href=\"http:\/\/turkishrussianfestival.com\/?page_id=21620\" target=\"_self\" data-hover-background-color=#dd3333  class=\"qbutton \" style=\"\">Sanat\u00e7\u0131lar Hakk\u0131nda Detayl\u0131 Bilgi<\/a>[vc_empty_space][\/vc_column][\/vc_row][vc_row row_type=&#8221;row&#8221; use_row_as_full_screen_section=&#8221;no&#8221; type=&#8221;full_width&#8221; text_align=&#8221;left&#8221; background_animation=&#8221;none&#8221; css_animation=&#8221;&#8221;][vc_column]<a href=\"http:\/\/www.biletix.com\/etkinlik\/YC304\/TURKIYE\/tr\" target=\"_blank\" data-hover-background-color=#dd3333  class=\"qbutton \" style=\"\">Bilet Ba\u011flant\u0131s\u0131 &gt; Biletix<\/a>[vc_empty_space][\/vc_column][\/vc_row]<\/p>\n","protected":false},"excerpt":{"rendered":"<p>[vc_row row_type=&#8221;row&#8221; use_row_as_full_screen_section=&#8221;no&#8221; type=&#8221;full_width&#8221; text_align=&#8221;left&#8221; background_animation=&#8221;none&#8221; css_animation=&#8221;&#8221;][vc_column][vc_single_image image=&#8221;22263&#8243; img_size=&#8221;full&#8221; qode_css_animation=&#8221;&#8221;][\/vc_column][\/vc_row][vc_row row_type=&#8221;row&#8221; use_row_as_full_screen_section=&#8221;no&#8221; type=&#8221;full_width&#8221; text_align=&#8221;left&#8221; background_animation=&#8221;none&#8221; css_animation=&#8221;&#8221;][vc_column][vc_empty_space][vc_column_text] Nikita Vlasov, akordeon Vladimir Spivakov, \u015fef Moskova Virt\u00fc\u00f6zleri Oda Orkestras\u0131 &nbsp; 11 MAYIS 2019 \/ 21:15 SI\u0307DE ANTI\u0307K TI\u0307YATROSU \/ ANTALYA &nbsp; \u201cPiazzolla-Gala\u201d 11 May\u0131s Cumartesi saat 21:15\u2019de d\u00fczenlenecek&#8230;<\/p>\n","protected":false},"author":1,"featured_media":0,"parent":0,"menu_order":0,"comment_status":"closed","ping_status":"closed","template":"","meta":[],"_links":{"self":[{"href":"http:\/\/turkishrussianfestival.com\/index.php?rest_route=\/wp\/v2\/pages\/21856"}],"collection":[{"href":"http:\/\/turkishrussianfestival.com\/index.php?rest_route=\/wp\/v2\/pages"}],"about":[{"href":"http:\/\/turkishrussianfestival.com\/index.php?rest_route=\/wp\/v2\/types\/page"}],"author":[{"embeddable":true,"href":"http:\/\/turkishrussianfestival.com\/index.php?rest_route=\/wp\/v2\/users\/1"}],"replies":[{"embeddable":true,"href":"http:\/\/turkishrussianfestival.com\/index.php?rest_route=%2Fwp%2Fv2%2Fcomments&post=21856"}],"version-history":[{"count":16,"href":"http:\/\/turkishrussianfestival.com\/index.php?rest_route=\/wp\/v2\/pages\/21856\/revisions"}],"predecessor-version":[{"id":22434,"href":"http:\/\/turkishrussianfestival.com\/index.php?rest_route=\/wp\/v2\/pages\/21856\/revisions\/22434"}],"wp:attachment":[{"href":"http:\/\/turkishrussianfestival.com\/index.php?rest_route=%2Fwp%2Fv2%2Fmedia&parent=21856"}],"curies":[{"name":"wp","href":"https:\/\/api.w.org\/{rel}","templated":true}]}}